 the hundreds digit of o?
5
Let z(u) = 3*u**2 + 20*u + 21. Let t be (-6)/(-27) + (-632)/(-72). What is the units digit of z(t)?
4
Suppose -4880 = -4*r - 5*o, -8*r + 3*r + 3*o + 6137 = 0. What is the units digit of (1 + r/(-10))*(-24)/9?
4
Let i(z) = -z**3 - 6*z**2 - 2*z. Suppose -3*c + j = 3*j - 4, 5*j = -5*c + 5. Suppose c*n + 6 + 8 = 0. What is the units digit of i(n)?
3
Let o(b) = 7*b**2 - 71*b - 938. What is the thousands digit of o(-16)?
1
Let h(l) = 8 + 18*l**2 + 25*l - 3 + 13*l**2 - 28*l**2 - 1. What is the hundreds digit of h(-14)?
2
Let o(c) be the second derivative of -c**5/20 + c**4/12 + c**3/6 - 3*c**2/2 + 2*c - 1. Let j be o(0). What is the tens digit of (5/j)/(2/(-84))?
7
What is the hundreds digit of 6470 + 12 + 1 + (-2)/(-1)?
4
Let x be -4 - ((-68)/8 - 4/8). Suppose -963 = -5*w + 2*z - 3*z, -w - x*z + 207 = 0. What is the units digit of w?
2
Let u be (524/(-7))/(-4) + (-12)/(-42). Suppose u*a - 16*a - 1242 = 0. What is the hundreds digit of a?
4
Suppose -2*p - 4*y = 20, 3*y + 5 = 2*p - 10. Suppose p = 12*x + 91 - 7. Let v(h) = h**3 + 11*h**2 + 22*h + 5. What is the units digit of v(x)?
7
Suppose -65*l + 63*l = 5*s - 18498, -5*l - 2*s = -46245. What is the tens digit of l?
4
Suppose 3*u - 34621 = 2*z, -4*u + 383*z + 46176 = 384*z. What is the thousands digit of u?
1
What is the tens digit of 456*17/((-1224)/(-880)) - (-6)/9?
7
Let u = 503 - 509. What is the tens digit of (-872)/u*(-8)/((-48)/9)?
1
Let d be 7/(7/(-5)) + 12. What is the hundreds digit of 671 + 7/7 + d?
6
Suppose -3*a + 206 + 481 = 0. Suppose -3*f = -a - 113. Let y = 200 - f. What is the tens digit of y?
8
Let q(t) = 2238*t**2 + 506*t - 1536. What is the ten thousands digit of q(3)?
2
What is the units digit of 12276020/690*(1/(-2) - -2)?
7
Suppose 5*w + 2*u - 74009 = 0, -16 + 23 = u. What is the tens digit of w?
9
Let r(h) = -2*h**2 + 4*h + 1. Let b be r(8). Let m = b - -312. Let d = m + -141. What is the tens digit of d?
7
Let k(g) = -3*g + 15. Let i be k(5). Suppose -8 = -4*y - i*y. Suppose 3*t + 345 = 5*u, -y*t + 57 - 1 = u. What is the tens digit of u?
6
Let u be (-15)/1*29104/(-51). What is the units digit of 8/(-44) - u/(-11)?
8
Suppose -4*d + 5*i = 1717, -4*i = -19 - 1. Let y = -203 - d. What is the tens digit of y?
2
Suppose -119342 - 276018 = -32*x. What is the tens digit of x?
5
Let u = -60 + 64. Suppose 0 = s - 4*s - x + 43, -2*s - 5*x + 7 = 0. Suppose -17*o = -s*o - u. What is the units digit of o?
4
Let r(m) = -3*m**2 - 102*m + 14. Let g(d) = -3*d**2 - 100*d + 13. Let n(w) = 2*g(w) - 3*r(w). What is the units digit of n(-36)?
6
Suppose 0 = f + 39 - 38. Let o be -3*10/(-18) + f/(-3). Suppose 116 = 2*l - 4*w, 2*w + 146 = o*l + 32. What is the tens digit of l?
5
Suppose -s + 4*p - 119 = -2*s, 0 = -3*p + 9. Let v = s + -6. What is the units digit of v?
1
Let z(w) = -2*w - 50. Let o be z(-23). What is the tens digit of -1*(o + 2 + -27)*11?
1
Let z = 405 + -225. Let i = 378 - z. What is the tens digit of i?
9
What is the thousands digit of ((-4)/(-12) - -1)/(4/47160)?
5
Suppose 3*s - f - 8 = -2*f, -2*s - 4*f = -12. Let x(d) = 5*d**2 + d - 6. Let w be x(-6). Suppose s*a = -a + w. What is the units digit of a?
6
Let g(u) = -29*u + 66. Let b(k) = -145*k + 328. Let z(m) = -4*b(m) + 22*g(m). What is the units digit of z(-8)?
4
Let y(x) = 166*x + 5704. What is the units digit of y(114)?
8
Let s(i) = i**2 - 20*i + 19. Let y be s(19). Let t be y/(-2*(2 - 3)) - -2. Suppose t*x = -n + 130, 47 = x + n - 16. What is the units digit of x?
7
Let n = 49 - 42. Suppose 4*z = 2*b + n*z - 267, -4*z = -12. What is the tens digit of b?
2
Let o = -101 - -39. Let t = o - -54. What is the units digit of 1/(t/(-4))*174?
7
Suppose 383 = 5*v + 3*s, 287 = 4*v - s - 16. Let l = -80 + v. What is the tens digit of ((-6)/3 - (l - -1)) + 41?
4
Let f be (-1)/((-15)/(-6)) + (-546)/(-65). Suppose 1834 = f*r - 1334. What is the hundreds digit of r?
3
What is the hundreds digit of -5*6/(-90)*18183?
0
Let l(i) be the third derivative of i**5/20 + 10*i**4/3 - 3*i**3 - 18*i**2 - 3. What is the hundreds digit of l(-35)?
8
Let h(g) = 5*g**3 - 43*g**2 - 58*g - 38. Let n(p) = -4*p**3 + 42*p**2 + 57*p + 40. Let j(x) = -5*h(x) - 6*n(x). What is the tens digit of j(-36)?
2
Suppose -4*i - 3904 + 22140 = 0. Let z = -2636 + i. What is the tens digit of z?
2
Let k(x) = -x + 6. Let r be k(4). Let c(s) = s**3 - 7*s**2 - 32*s + 22. Let d be c(10). Suppose -20 = -d*q + r. What is the tens digit of q?
1
Let g(m) = 6*m + 37. Let t be g(-6). Suppose v + 3 = t. What is the units digit of 203 + (8/v - -1)?
0
Suppose -2*n = 3*n. Let z(h) = 30*h**3 + n*h**2 - h - 4*h**2 + 3*h**2 + 2*h. What is the units digit of z(1)?
0
Suppose 5*a + 5*z + 176 = a, -a = -2*z + 57. What is the tens digit of 14/a - (-26)/21*39?
4
Suppose -378 = -132*v + 131*v. Let z = -110 + v. What is the hundreds digit of z?
2
Let h(z) = -2*z**2 - 13*z. Let b be h(-9). Let i = 33 + b. What is the tens digit of 16/i - 294/9*-2?
6
Let w(o) = -o + 1. Let y(z) = 9*z - 15. Let h(q) = 6*w(q) + y(q). Let k be h(4). Suppose 5*a - 5 = -0, -a + 475 = k*b. What is the tens digit of b?
5
Suppose -3*h + 8 = -h, 8 = 2*n - h. Let i(r) = 2*r**3 - r**2 - 3*r + 5. Let f be i(n). Let g = f - 203. What is the units digit of g?
0
Let g = 479 + 1077. Suppose -4*t = t - 2*i - 2570, 3*t - 4*i = g. What is the hundreds digit of t?
5
Let p(n) = n**3 + 16*n**2 + 13*n + 9. Let t be p(-19). Let q = 2700 + t. What is the thousands digit of q?
1
Let q = -614 + 16902. What is the ten thousands digit of q?
1
Let c be ((35/21)/(-1))/((-1)/306). Suppose c = 7*o - 631. What is the hundreds digit of o?
1
Let w be -8 + -988 - (-1 - -9). What is the tens digit of (-1)/(6 - (-6026)/w)?
0
Let f(w) = w**2 - w - 1. Let d(j) = 977*j**3 - 4*j**2 + 3*j + 4. Let q(x) = -d(x) - 4*f(x). Let i be q(-1). Suppose 2*m + i = 10*m. What is the tens digit of m?
2
Let d(t) = 7*t**2 + 33*t + 3315. What is the thousands digit of d(68)?
7
Let y(g) be the second derivative of -94*g**3/3 - 125*g**2/2 - 2*g - 40. What is the units digit of y(-4)?
7
Let h = 25999 + -17613. What is the hundreds digit of h?
3
Suppose q = 4*m + 7925, -3*m + 55382 - 15849 = 5*q. Suppose -71*j = -82*j + q. What is the units digit of j?
9
Let q = 214 + -185. Let s = 89 + q. What is the hundreds digit of s?
1
Suppose 0 = 6*x - 24393 + 1557. Let m = x + -2094. What is the tens digit of m?
1
What is the units digit of (-6)/39 - 15984133/(-1157)?
5
Let d(t) be the third derivative of 7*t**5/30 + 13*t**4/24 - 13*t**3/3 + 2*t**2 + 11*t. What is the units digit of d(3)?
9
Let v = 347 + -212. Let q be 4/(-6) + 11/3. Suppose 3*x - d = 93, 2*x + q*x + 5*d = v. What is the units digit of x?
0
Suppose -4*l - 222944 = -15*l - 5*l. What is the tens digit of l?
3
Suppose 2*c = -3*w + 126931, -18*c = -8*w - 16*c + 338424. What is the tens digit of w?
0
Suppose 0 = 134*o - 331*o + 4583008. What is the hundreds digit of o?
2
Suppose 11922 = 3*o + 10*z - 13*z, -4*z = o - 3994. What is the units digit of o?
8
Suppose -q + 74*d + 1398 = 71*d, -2*q + 2*d + 2780 = 0. What is the thousands digit of q?
1
Suppose 56*o - 55*o + 7 = 0. Let u be (-12)/(-42) + ((-551)/o - -1). Suppose 4*x - u = 356. What is the hundreds digit of x?
1
Let f(g) = 5*g**3 + g**2 + g. Let z be f(-2). Let a = -3 - z. Let o = a + -34. What is the units digit of o?
1
Suppose 335*w + 1927 + 1193 = 340*w. What is the units digit of w?
4
Suppose -3*p + 5*j + 30472 = 6251, -p + 8071 = -j. What is the thousands digit of p?
8
Suppose -5*z = 4*f - 18, f + 2*z = -22 + 28. Suppose 2*i = 6*i, 4*o = f*i + 1568. What is the hundreds digit of o?
3
Let g(c) = 4*c. Let i be g(0). Let d(m) = m**3 + 2*m**2 + m + 2. Let s be d(i). What is the units digit of (-1)/(((-4)/8)/(121/s))?
1
What is the units digit of (-94605)/(-20) + -7 + 162/24?
0
Let n(y) = 2*y**3 - 5*y**2 - 2*y - 14. Let r be n(-8). What is the units digit of (-80)/(-180) - r/18?
5
Suppose -5742 = -3*t + 3*p, -5*t + 10415 = -p + 857. Let o = t - 835. What is the thousands digit of o?
1
Let r(d) = d**3 - 6*d**2 - 2*d - 9. Suppose -4*z + 6*z - 30 = -4*l, -3*z = -4*l + 15. Let q be r(l). What is the hundreds digit of (1743/14)/(q/(-12) - 1)?
1
Let d = 38856 - -6943. What is the hundreds digit of d?
7
Let n be 4/(6*6/9864). Suppose -4*a + 4*j = 